e factors of q.
2, 113
Let p(f) = -7*f + f**2 + 5*f + 13*f - 5 - 1. Let a be p(-8). Let l = a + 52. What are the prime factors of l?
2, 11
Suppose 14*j - 26218 = -8760. What are the prime factors of j?
29, 43
Suppose 0 = x - q - 10, -3*q + 1 + 1 = x. Suppose -x*m + 142 = -762. List the prime factors of m.
113
What are the prime factors of ((-2)/5)/((-9)/11115)?
2, 13, 19
Let k = -50 + 52. Suppose -11*a = -k*a - 189. List the prime factors of a.
3, 7
Suppose -3*b = c - 3348, 3*c - 3364 = 2*c - 11*b. What are the prime factors of c?
2, 3, 557
Let o(n) = -n**3 - 39*n**2 - 37*n + 73. List the prime factors of o(-38).
5, 7
Suppose 3*g + 4*m = -59 + 17, -2*g = 2*m + 30. Let n be (6/g)/((-1)/18). Let l(q) = -q**2 + 9*q - 8. What are the prime factors of l(n)?
2, 5
Let d be 444/(-72) - (-2)/12. List the prime factors of 267/(((-2)/(-4))/((-3)/d)).
3, 89
Suppose 3*a - 20 = 5*a. Let o be a*5/(75/(-18)). Suppose -f = -o - 12. What are the prime factors of f?
2, 3
Suppose -15 + 421 = b. Suppose -103 = 3*t - b. What are the prime factors of t?
101
Let v be 1/(-3 + (-346)/(-115)). Let l = 6 - 4. Suppose 3*q = -l*q + 3*f + v, -4*q + 90 = -2*f. List the prime factors of q.
2, 5
Let r be ((-858)/44)/(3/(-28)). Let q = r + -105. List the prime factors of q.
7, 11
Suppose 28*d = 62378 - 13574. List the prime factors of d.
3, 7, 83
Suppose 4*f = 3*p - 32, 4*p - 5*f + 3*f - 26 = 0. Suppose -3*r = -2*t + 45 - 296, 0 = -2*r + p*t + 154. What are the prime factors of r?
3, 29
Suppose -4*m - 2*o = -3608, m - 3*o - 806 = 103. List the prime factors of m.
3, 7, 43
Let a = 437 - 338. What are the prime factors of a?
3, 11
Let t(f) = 3*f**2 + 4*f - 13. Let d(a) = -a**2 - a + 4. Let g(l) = -7*d(l) - 2*t(l). What are the prime factors of g(-2)?
2
Let v(c) = 2*c**2 - 20*c + 147. What are the prime factors of v(17)?
5, 7, 11
Suppose 0 = 3*z - 4*z + 252. Suppose 3*i + z = f, 4*i + f + 336 = -0*i. What are the prime factors of (72/i)/((-3)/14)?
2
Suppose -3*l + 4*b - 6 = -434, 456 = 3*l + 3*b. Suppose -3*c - 5*h = -248, 0 = -0*c - 2*c + h + l. What are the prime factors of c?
2, 19
Let j be (123 + 4/(-4))/2. Suppose j = 2*k - k. List the prime factors of k.
61
Let z be -1*(-7 + (5 - 3)). Suppose 217 = z*s - 68. Suppose -2*n = -3*q - 5*n + s, 0 = 5*q - 4*n - 77. List the prime factors of q.
17
Suppose -278 = -20*l + 302. What are the prime factors of l?
29
Let q(h) = h**3 - 20*h**2 + 30*h - 16. Let k be q(20). What are the prime factors of ((-4)/(-16))/(2/k)?
73
Let u = 115 - -22. Suppose -2*r - 3*n = -188, 0*r + 3*r - 3*n = 297. Let k = u - r. What are the prime factors of k?
2, 5
Suppose -14*u + m = -12*u - 6444, -u + 5*m + 3213 = 0. What are the prime factors of u?
11, 293
Let v(y) = -y**2 - 35*y + 20. What are the prime factors of v(-28)?
2, 3
Suppose -27*p + 23*p - 3*s = -3557, -2*p - 4*s + 1776 = 0. List the prime factors of p.
2, 5, 89
Let i(r) = -r**2 - 4*r + 4. Let j = 1 + -5. Let x be i(j). Suppose -5*c + x*c = o - 19, 4*o + 95 = 5*c. What are the prime factors of c?
19
Let u = 128 - -170. Let o = u + -168. What are the prime factors of o?
2, 5, 13
What are the prime factors of ((-12766 + -10)/4)/(-1 - 1)?
1597
Suppose -378 = 3*p + 66. Let b be 1 + -1 - p/2. List the prime factors of b/(3/(6/4)).
37
Suppose 4*q = 2*i + 30, -3*i + 24 = 4*q + 9. Let n(s) be the second derivative of s**4/12 - s**3 + s**2 + 13*s. What are the prime factors of n(q)?
2
What are the prime factors of 53931/18 - 2 - 210/(-252)?
5, 599
Let g(j) = j**3 + 13*j**2 + 10*j + 13. What are the prime factors of g(-11)?
5, 29
Let o = 441 + -231. Let p be 4*(-2 + (-15)/(-4)). Suppose -4*s = -p*s + o. What are the prime factors of s?
2, 5, 7
Let m(l) = 11*l**2 + 2*l - 1. Let i be m(1). Let s be i + (1 - 1)*1. What are the prime factors of (-214)/(-8) + s/48?
3
Suppose -2*d + 3*d - 9 = 0. Let w(y) = -20 + 2*y + 6 + y + 10. List the prime factors of w(d).
23
Let k = 2943 - 1022. What are the prime factors of k?
17, 113
Let q(s) = -27*s - 2. Let c be q(2). Let h = -121 - c. Let j = 92 + h. List the prime factors of j.
3
Let o = -3255 + 6181. What are the prime factors of o?
2, 7, 11, 19
Suppose 3*a + 3*j = 7*j - 7, 5 = 5*j. What are the prime factors of (9/27)/(a/(-153))?
3, 17
Let v(u) = -3*u - 20. Let f be v(-8). Suppose -f*z + 3*l + 241 = 4, 325 = 5*z + 2*l. What are the prime factors of z?
3, 7
Suppose -2*j + j - 3*h = -5675, 3*j - 17025 = 3*h. List the prime factors of j.
5, 227
Let x(k) = 2*k. Let y = -6 - -4. Let w be x(y). What are the prime factors of (2*-2 - -2)*w?
2
Let n(p) = 65*p + 22. Let i be n(-11). Let k = i - -159. What are the prime factors of k/(-15) - 6/(-15)?
2, 3
Let i(u) = -36*u**3 + 20*u**2 + 62*u + 3. What are the prime factors of i(-4)?
3, 13, 61
Let t = 38 + 94. What are the prime factors of -2 + t + (-3 - -3)?
2, 5, 13
Let p(z) = z**3 + 21*z**2 + 20*z + 2. Let k be p(-20). Suppose -2*l + k*a - a = -411, 3*l + a - 624 = 0. List the prime factors of l.
3, 23
Let m(d) = -21*d - 39. List the prime factors of m(-10).
3, 19
Let y(r) = -2*r**2 + 22*r + 5. Let k be y(11). Suppose 4*x - k*m = 97 + 2, 4*m = 4. List the prime factors of x.
2, 13
Suppose 0 = -2280*y + 2291*y - 77. List the prime factors of y.
7
List the prime factors of (-1593)/(-36)*(-3 - 41/(-3)).
2, 59
Let o(i) = 23*i + 2. Suppose 3*y = 4*y - 4*c - 21, -5 = 3*y + 5*c. Let s be 2 - (-4)/(1 - y). List the prime factors of o(s).
5
Let c be 5*(4/5 - -2). Let a be (-28)/98 - (-32)/c. List the prime factors of a - (-1)/(-1) - -2.
3
Let o(s) = 23*s**2 - 4*s + 2. Let w(r) = -69*r**2 + 12*r - 6. Let h(y) = -8*o(y) - 3*w(y). List the prime factors of h(2).
2, 43
Suppose -4*u = -7*u - w + 1819, 3*w = 3*u - 1839. What are the prime factors of u?
2, 19
Suppose 2*r - 860 = r + f, -2*r + f = -1721. Suppose 6*c = 9 + r. List the prime factors of c.
5, 29
Suppose 32 = 5*n - 13. Let r(v) = v**3 - 8*v**2 - 10*v + 1. Let t be r(n). Let z = 22 + t. List the prime factors of z.
2, 7
Suppose 3 = b - 18. Let h = 24 - b. List the prime factors of 40 + h/(9/6).
2, 3, 7
Let d = 6 + -16. Let l(k) = -3*k - 4. Let v be l(d). Let q = -6 + v. List the prime factors of q.
2, 5
Let f = 79 + 101. Let p = 283 - f. List the prime factors of p.
103
Let h = 885 + -477. What are the prime factors of h?
2, 3, 17
Let n(v) = -52*v - 2 + 6*v**2 + 39*v + v**2. What are the prime factors of n(5)?
2, 3
Suppose -42*v + 18564 = -3*v. List the prime factors of v.
2, 7, 17
Let x(o) = 30*o - 41. What are the prime factors of x(15)?
409
Suppose -3*a + 2072 = 4*s, -3*s = 2*a - 7*a - 1525. What are the prime factors of s?
5, 103
Let d(g) = -116*g - 10. Let s be 6/4*(-8 - -6). Let r(t) = -23*t - 2. Let n(h) = s*d(h) + 16*r(h). What are the prime factors of n(-2)?
2, 19
Suppose 0 = -5*b + 30 - 0. Suppose 4*z - 12 = l, 0*z = -l - 2*z + b. Suppose -3*c + 0*c = 5*r - 102, l = 5*r. List the prime factors of c.
2, 17
Suppose -v = -0*v, -5*a - 2*v = 70. What are the prime factors of 18/3*13 + 42/a?
3, 5
Let s(y) = 2*y**3 + 32*y**2 + 2*y + 1039. What are the prime factors of s(0)?
1039
Suppose 4*k + 0*k + 32 = 3*n, 0 = k + 5*n + 31. Let s = k - -12. Let q(w) = 7*w**2 - 1. What are the prime factors of q(s)?
2, 3
Let z(n) = -n + 1. Let y be z(-4). Suppose 5*v + 25 = 0, -y*c = -3*c + 5*v - 353. What are the prime factors of (5/15)/(3/c)?
3, 7
Suppose -b = 5, 3853 + 787 = 3*j + 5*b. List the prime factors of j.
5, 311
Suppose -2*b + 29 = -15. Let n be (-3 + 1)/(-8)*(2 + 2). What are the prime factors of b + (0 - -1) + n?
2, 3
Let u(y) = -6 + 4 + 1 + 9*y**2. Let d be u(-2). What are the prime factors of 1953/d - (-4)/(-5)?
5, 11
Suppose -2*g - 7 = -3*x + 8*x, -5 = -x. Let y be 4/(-6)*(-22 + 1). What are the prime factors of g/(-56) - (-388)/y?
2, 7
Suppose 4*w + 2*z + 2 = 0, -z - z = 5*w + 2. Suppose 3*x - 8*x + 240 = w. Suppose 2*g - x = -g. What are the prime factors of g?
2
Suppose 4*c = 5*c - r - 147, 4*c - 3*r - 592 = 0. List the prime factors of c.
151
Let d = 1133 - 804. What are the prime factors of d?
7, 47
Let f(s) = 634*s**2 + 13*s - 13. List the prime factors of f(1).
2, 317
Let h(l) = -2*l**3 + 15*l**2 + 16*l - 7. What are the prime factors of h(8)?
3, 19
Let g(s) = 4*s**3 - s**2 - 2*s. Let k be g(2). Suppose h + 5*o - 12 = 3*h, -1 = -3*h - 2*o. List the prime factors of 